rs of 30205.
5, 7, 863
What are the prime factors of 15007327?
1381, 10867
List the prime factors of 278910.
2, 3, 5, 1033
What are the prime factors of 1318104?
2, 3, 18307
What are the prime factors of 1219056?
2, 3, 109, 233
What are the prime factors of 20496888?
2, 3, 47, 673
List the prime factors of 1290384.
2, 3, 29, 103
What are the prime factors of 383310?
2, 3, 5, 4259
List the prime factors of 16895470.
2, 5, 709, 2383
List the prime factors of 134878.
2, 17, 3967
What are the prime factors of 259856?
2, 109, 149
List the prime factors of 376141.
47, 53, 151
List the prime factors of 4286200.
2, 5, 29, 739
What are the prime factors of 8757936?
2, 3, 11, 19, 97
What are the prime factors of 434336?
2, 7, 277
What are the prime factors of 155356?
2, 38839
What are the prime factors of 1787606?
2, 23, 38861
List the prime factors of 283384.
2, 35423
What are the prime factors of 14779073?
89, 211, 787
What are the prime factors of 316542?
2, 3, 52757
What are the prime factors of 50694?
2, 3, 7, 17, 71
What are the prime factors of 338483?
59, 5737
List the prime factors of 251257.
251257
What are the prime factors of 6214992?
2, 3, 7, 53, 349
List the prime factors of 1403080.
2, 5, 7, 5011
List the prime factors of 219413.
313, 701
What are the prime factors of 20135758?
2, 2969, 3391
List the prime factors of 2831239.
431, 6569
What are the prime factors of 636573?
3, 7, 30313
What are the prime factors of 370530?
2, 3, 5, 23, 179
What are the prime factors of 9439630?
2, 5, 67, 73, 193
List the prime factors of 328057.
251, 1307
What are the prime factors of 7833701?
7833701
What are the prime factors of 157917?
3, 52639
List the prime factors of 433267.
433267
List the prime factors of 63327.
3, 11, 19, 101
What are the prime factors of 1972365?
3, 5, 23, 5717
What are the prime factors of 1119266?
2, 559633
What are the prime factors of 16009292?
2, 13, 307871
List the prime factors of 1134040.
2, 5, 28351
What are the prime factors of 442029?
3, 7, 31, 97
What are the prime factors of 11335328?
2, 17, 67, 311
List the prime factors of 182659.
182659
List the prime factors of 26985256.
2, 17, 23, 8627
What are the prime factors of 119706?
2, 3, 71, 281
List the prime factors of 936158.
2, 468079
What are the prime factors of 482400?
2, 3, 5, 67
List the prime factors of 213021.
3, 23669
What are the prime factors of 8026351?
2381, 3371
List the prime factors of 2379867.
3, 7, 113327
List the prime factors of 224134.
2, 112067
What are the prime factors of 7544129?
31, 163, 1493
List the prime factors of 1956155.
5, 391231
What are the prime factors of 208606?
2, 37, 2819
List the prime factors of 1316234.
2, 658117
List the prime factors of 688330.
2, 5, 17, 4049
List the prime factors of 2587549.
2587549
What are the prime factors of 140326?
2, 70163
List the prime factors of 10331684.
2, 11, 234811
List the prime factors of 9359690.
2, 5, 17, 55057
List the prime factors of 7791630.
2, 3, 5, 7, 11, 3373
What are the prime factors of 4533771?
3, 11, 137387
What are the prime factors of 335279?
7, 211, 227
List the prime factors of 4253394.
2, 3, 708899
List the prime factors of 9570668.
2, 23, 4523
List the prime factors of 629899.
629899
List the prime factors of 48395.
5, 9679
What are the prime factors of 2512761?
3, 47, 71, 251
List the prime factors of 24945161.
313, 79697
What are the prime factors of 5319910?
2, 5, 31, 131
List the prime factors of 8320789.
8320789
What are the prime factors of 11201734?
2, 5600867
What are the prime factors of 7574195?
5, 223, 6793
What are the prime factors of 1370086?
2, 457, 1499
List the prime factors of 105194.
2, 149, 353
List the prime factors of 9145526.
2, 13, 351751
What are the prime factors of 3648?
2, 3, 19
What are the prime factors of 1365142?
2, 23, 59, 503
What are the prime factors of 6349842?
2, 3, 181, 1949
List the prime factors of 24864714.
2, 3, 7, 197339
List the prime factors of 883436.
2, 220859
What are the prime factors of 22650?
2, 3, 5, 151
List the prime factors of 112062.
2, 3, 19, 983
List the prime factors of 16242573.
3, 73, 74167
List the prime factors of 1497344.
2, 5849
List the prime factors of 272392.
2, 79, 431
What are the prime factors of 88149?
3, 29383
List the prime factors of 6154170.
2, 3, 5, 11, 17, 1097
What are the prime factors of 39965?
5, 7993
What are the prime factors of 462546?
2, 3, 7, 3671
What are the prime factors of 977828?
2, 244457
List the prime factors of 730376.
2, 91297
List the prime factors of 201381.
3, 19, 3533
List the prime factors of 1276816.
2, 79801
What are the prime factors of 259412?
2, 64853
What are the prime factors of 24345?
3, 5, 541
What are the prime factors of 353754?
2, 3, 6551
What are the prime factors of 2067734?
2, 1033867
What are the prime factors of 1218632?
2, 23, 37, 179
What are the prime factors of 2391778?
2, 1039, 1151
List the prime factors of 16819188.
2, 3, 17, 29, 2843
What are the prime factors of 398648?
2, 49831
List the prime factors of 361036.
2, 13, 53, 131
List the prime factors of 882209.
29, 1049
What are the prime factors of 21410382?
2, 3, 7, 709, 719
What are the prime factors of 12793505?
5, 2558701
What are the prime factors of 144887?
144887
List the prime factors of 3147078.
2, 3, 11, 41, 1163
List the prime factors of 578597.
578597
List the prime factors of 577224.
2, 3, 8017
What are the prime factors of 55410?
2, 3, 5, 1847
List the prime factors of 10659277.
10659277
What are the prime factors of 122035?
5, 24407
What are the prime factors of 1883043?
3, 209227
List the prime factors of 223014.
2, 3, 11, 31, 109
What are the prime factors of 5020087?
5020087
What are the prime factors of 1948861?
1948861
What are the prime factors of 2747387?
17, 161611
What are the prime factors of 16152244?
2, 17, 179, 1327
What are the prime factors of 204821?
204821
List the prime factors of 547036.
2, 7, 2791
List the prime factors of 449204.
2, 7, 61, 263
What are the prime factors of 4527254?
2, 2263627
List the prime factors of 56242.
2, 61, 461
List the prime factors of 100890.
2, 3, 5, 19, 59
What are the prime factors of 214109?
7, 73, 419
List the prime factors of 147099.
3, 49033
List the prime factors of 1780354.
2, 890177
List the prime factors of 2299650.
2, 3, 5, 15331
What are the prime factors of 1292337?
3, 143593
What are the prime factors of 1960187?
811, 2417
List the prime factors of 282708.
2, 3, 7853
List the prime factors of 2869365.
3, 5, 23, 8317
List the prime factors of 1131073.
53, 21341
What are the prime factors of 1085097?
3, 13, 27823
List the prime factors of 367429.
79, 4651
List the prime factors of 499358.
2, 17, 19, 773
List the prime factors of 12075021.
3, 7, 9127
What are the prime factors of 9684605?
5, 7, 5647
List the prime factors of 3453590.
2, 5, 7, 103, 479
What are the prime factors of 6654523?
491, 13553
List the prime factors of 137746.
2, 7, 9839
What are the prime factors of 277795?
5, 7, 7937
List the prime factors of 4453724.
2, 11, 101221
List the prime factors of 341095.
5, 68219
List the prime factors of 1913572.
2, 401, 1193
List the prime factors of 170245.
5, 79, 431
List the prime factors of 6251785.
5, 1250357
What are the prime factors of 4778426?
2, 2389213
List the prime factors of 1604096.
2, 13, 241
List the prime factors of 275277.
3, 89, 1031
What are the prime factors of 207161?
23, 9007
List the prime factors of 4081855.
5, 149, 5479
List the prime factors of 55812.
2, 3, 4651
List the prime factors of 12415837.
7, 23, 67, 1151
List the prime factors of 6150866.
2, 3075433
List the prime factors of 330478.
2, 373, 443
What are the prime factors of 701502?
2, 3, 43, 2719
List the prime factors of 2077928.
2, 211, 1231
What are the prime factors of 278299?
7, 83, 479
List the prime factors of 2067715.
5, 13, 2447
List the prime factors of 666217.
29, 22973
List the prime factors of 590995.
5, 19, 6221
What are the prime factors of 11734225?
5, 469369
What are the prime factors of 2937542?
2, 211, 6961
List the prime factors of 22925555.
5, 421, 10891
List the prime factors of 5024645.
5, 19, 227, 233
What are the prime factors of 1859530?
2, 5, 19, 9787
List the prime factors of 342860.
2, 5, 7, 31, 7